{"id":3,"date":"2022-08-04T13:43:47","date_gmt":"2022-08-04T13:43:47","guid":{"rendered":"https:\/\/experienciasvisuales.com\/wordpress-EV\/?page_id=3"},"modified":"2023-08-01T13:28:55","modified_gmt":"2023-08-01T13:28:55","slug":"privacy-policy","status":"publish","type":"page","link":"https:\/\/experienciasvisuales.com\/wordpress-EV\/index.php\/privacy-policy\/","title":{"rendered":"Pol\u00edtica de Privacidad"},"content":{"rendered":"\r\n<h4 class=\"wp-block-heading\"><strong>Protecci\u00f3n de datos<\/strong><\/h4>\r\n<p>&nbsp;<\/p>\r\n<p>EL TALLER DE EXPERIENCIAS VISUALES (en adelante Experiencias Visuales), en aplicaci\u00f3n de la normativa vigente en materia de protecci\u00f3n de datos de car\u00e1cter personal, informa que los datos personales que se recogen a trav\u00e9s de los formularios del Sitio web: www.experienciasvisuales.com, se incluyen en los ficheros automatizados espec\u00edficos de usuarios de los servicios de Experiencias Visuales.<\/p>\r\n<p>&nbsp;<\/p>\r\n<p>La recogida y tratamiento automatizado de los datos de car\u00e1cter personal tiene como finalidad el mantenimiento de la relaci\u00f3n comercial y el desempe\u00f1o de tareas de informaci\u00f3n, formaci\u00f3n, asesoramiento y otras actividades propias de Experiencias Visuales.<\/p>\r\n<p>&nbsp;<\/p>\r\n<p>Estos datos \u00fanicamente ser\u00e1n cedidos a aquellas entidades que sean necesarias con el \u00fanico objetivo de dar cumplimiento a la finalidad anteriormente expuesta.<\/p>\r\n<p>&nbsp;<\/p>\r\n<p>Experiencias Visuales adopta las medidas necesarias para garantizar la seguridad, integridad y confidencialidad de los datos conforme a lo dispuesto en el Reglamento (UE) 2016\/679 del Parlamento Europeo y del Consejo, de 27 de abril de 2016, relativo a la protecci\u00f3n de las personas f\u00edsicas en lo que respecta al tratamiento de datos personales y a la libre circulaci\u00f3n de los mismos.<\/p>\r\n<p>&nbsp;<\/p>\r\n<p>El usuario podr\u00e1 en cualquier momento ejercitar los derechos de acceso, oposici\u00f3n, rectificaci\u00f3n y cancelaci\u00f3n reconocidos en el citado Reglamento (UE). El ejercicio de estos derechos puede realizarlo el propio usuario a trav\u00e9s de email a: hola@experienciasvisuales.com o en la direcci\u00f3n: Calle Cruz del Sur, 1 &#8211; 28007 Madrid.<\/p>\r\n<p>&nbsp;<\/p>\r\n<p>El usuario manifiesta que todos los datos facilitados por \u00e9l son ciertos y correctos, y se compromete a mantenerlos actualizados, comunicando los cambios a Experiencias Visuales.<\/p>\r\n<p>&nbsp;<\/p>\r\n<p>Finalidad del tratamiento de los datos personales:<\/p>\r\n<p>\u00bfCon qu\u00e9 finalidad trataremos tus datos personales?<\/p>\r\n<p>En Experiencias Visuales, trataremos tus datos personales recabados a trav\u00e9s del Sitio Web: www.experienciasvisuales.com, con las siguientes finalidades:<\/p>\r\n<ol>\r\n<li>En caso de contrataci\u00f3n de los bienes y servicios ofertados a trav\u00e9s de Experiencias Visuales, para mantener la relaci\u00f3n contractual, as\u00ed como la gesti\u00f3n, administraci\u00f3n, informaci\u00f3n, prestaci\u00f3n y mejora del servicio.<\/li>\r\n<li>Env\u00edo de informaci\u00f3n solicitada a trav\u00e9s de los formularios dispuestos en www.experienciasvisuales.com<\/li>\r\n<li>Remitir boletines (newsletters), as\u00ed como comunicaciones comerciales de promociones y\/o publicidad de<br \/>Experiencias Visuales. y del sector.<\/li>\r\n<\/ol>\r\n<p>Te recordamos que puedes oponerte al env\u00edo de comunicaciones comerciales por cualquier v\u00eda y en cualquier momento, remitiendo un correo electr\u00f3nico a la direcci\u00f3n indicada anteriormente.<\/p>\r\n<p>&nbsp;<\/p>\r\n<p>Los campos de dichos registros son de cumplimentaci\u00f3n obligatoria, siendo imposible realizar las finalidades expresadas si no se aportan esos datos.<\/p>\r\n<p>&nbsp;<\/p>\r\n<p>\u00bfPor cu\u00e1nto tiempo se conservan los datos personales recabados?<\/p>\r\n<p>Los datos personales proporcionados se conservar\u00e1n mientras se mantenga la relaci\u00f3n comercial o no solicites su supresi\u00f3n y durante el plazo por el cu\u00e1l pudieran derivarse responsabilidades legales por los servicios prestados.<\/p>\r\n<p>&nbsp;<\/p>\r\n<p>Legitimaci\u00f3n:<\/p>\r\n<p>El tratamiento de tus datos se realiza con las siguientes bases jur\u00eddicas que legitiman el mismo:<\/p>\r\n<ol>\r\n<li>La solicitud de informaci\u00f3n y\/o la contrataci\u00f3n de los servicios de Experiencias Visuales., cuyos t\u00e9rminos y condiciones se pondr\u00e1n a tu disposici\u00f3n en todo caso, de forma previa a una eventual contrataci\u00f3n.<\/li>\r\n<li>El consentimiento libre, espec\u00edfico, informado e inequ\u00edvoco, en tanto que te informamos poniendo a tu disposici\u00f3n la presente pol\u00edtica de privacidad, que tras la lectura de la misma, en caso de estar conforme, puedes aceptar mediante una declaraci\u00f3n o una clara acci\u00f3n afirmativa, como el marcado de una casilla dispuesta al efecto.<\/li>\r\n<\/ol>\r\n<p>En caso de que no nos facilites tus datos o lo hagas de forma err\u00f3nea o incompleta, no podremos atender tu solicitud, resultando del todo imposible proporcionarte la informaci\u00f3n solicitada o llevar a cabo la contrataci\u00f3n de los servicios.<\/p>\r\n<p>&nbsp;<\/p>\r\n<p>Destinatarios:<\/p>\r\n<p>Los datos no se comunicar\u00e1n a ning\u00fan tercero ajeno a Experiencias Visuales, salvo obligaci\u00f3n legal.<\/p>\r\n","protected":false},"excerpt":{"rendered":"<p>Protecci\u00f3n de datos &nbsp; EL TALLER DE EXPERIENCIAS VISUALES (en adelante Experiencias Visuales), en aplicaci\u00f3n de la normativa vigente en materia de protecci\u00f3n de datos de car\u00e1cter personal, informa que los datos personales que se recogen a trav\u00e9s de los formularios del Sitio web: www.experienciasvisuales.com,&#8230;<\/p>\n","protected":false},"author":1,"featured_media":0,"parent":0,"menu_order":0,"comment_status":"closed","ping_status":"open","template":"","meta":{"footnotes":""},"class_list":["post-3","page","type-page","status-publish","hentry"],"jetpack_sharing_enabled":true,"_links":{"self":[{"href":"https:\/\/experienciasvisuales.com\/wordpress-EV\/index.php\/wp-json\/wp\/v2\/pages\/3","targetHints":{"allow":["GET"]}}],"collection":[{"href":"https:\/\/experienciasvisuales.com\/wordpress-EV\/index.php\/wp-json\/wp\/v2\/pages"}],"about":[{"href":"https:\/\/experienciasvisuales.com\/wordpress-EV\/index.php\/wp-json\/wp\/v2\/types\/page"}],"author":[{"embeddable":true,"href":"https:\/\/experienciasvisuales.com\/wordpress-EV\/index.php\/wp-json\/wp\/v2\/users\/1"}],"replies":[{"embeddable":true,"href":"https:\/\/experienciasvisuales.com\/wordpress-EV\/index.php\/wp-json\/wp\/v2\/comments?post=3"}],"version-history":[{"count":7,"href":"https:\/\/experienciasvisuales.com\/wordpress-EV\/index.php\/wp-json\/wp\/v2\/pages\/3\/revisions"}],"predecessor-version":[{"id":853,"href":"https:\/\/experienciasvisuales.com\/wordpress-EV\/index.php\/wp-json\/wp\/v2\/pages\/3\/revisions\/853"}],"wp:attachment":[{"href":"https:\/\/experienciasvisuales.com\/wordpress-EV\/index.php\/wp-json\/wp\/v2\/media?parent=3"}],"curies":[{"name":"wp","href":"https:\/\/api.w.org\/{rel}","templated":true}]}}

Política de Privacidad

<h4 class="wp-block-heading"><strong>Protección de datos</strong></h4>
<p>&nbsp;</p>
<p>EL TALLER DE EXPERIENCIAS VISUALES (en adelante Experiencias Visuales), en aplicación de la normativa vigente en materia de protección de datos de carácter personal, informa que los datos personales que se recogen a través de los formularios del Sitio web: www.experienciasvisuales.com, se incluyen en los ficheros automatizados específicos de usuarios de los servicios de Experiencias Visuales.</p>
<p>&nbsp;</p>
<p>La recogida y tratamiento automatizado de los datos de carácter personal tiene como finalidad el mantenimiento de la relación comercial y el desempeño de tareas de información, formación, asesoramiento y otras actividades propias de Experiencias Visuales.</p>
<p>&nbsp;</p>
<p>Estos datos únicamente serán cedidos a aquellas entidades que sean necesarias con el único objetivo de dar cumplimiento a la finalidad anteriormente expuesta.</p>
<p>&nbsp;</p>
<p>Experiencias Visuales adopta las medidas necesarias para garantizar la seguridad, integridad y confidencialidad de los datos conforme a lo dispuesto en el Reglamento (UE) 2016/679 del Parlamento Europeo y del Consejo, de 27 de abril de 2016, relativo a la protección de las personas físicas en lo que respecta al tratamiento de datos personales y a la libre circulación de los mismos.</p>
<p>&nbsp;</p>
<p>El usuario podrá en cualquier momento ejercitar los derechos de acceso, oposición, rectificación y cancelación reconocidos en el citado Reglamento (UE). El ejercicio de estos derechos puede realizarlo el propio usuario a través de email a: hola@experienciasvisuales.com o en la dirección: Calle Cruz del Sur, 1 &#8211; 28007 Madrid.</p>
<p>&nbsp;</p>
<p>El usuario manifiesta que todos los datos facilitados por él son ciertos y correctos, y se compromete a mantenerlos actualizados, comunicando los cambios a Experiencias Visuales.</p>
<p>&nbsp;</p>
<p>Finalidad del tratamiento de los datos personales:</p>
<p>¿Con qué finalidad trataremos tus datos personales?</p>
<p>En Experiencias Visuales, trataremos tus datos personales recabados a través del Sitio Web: www.experienciasvisuales.com, con las siguientes finalidades:</p>
<ol>
<li>En caso de contratación de los bienes y servicios ofertados a través de Experiencias Visuales, para mantener la relación contractual, así como la gestión, administración, información, prestación y mejora del servicio.</li>
<li>Envío de información solicitada a través de los formularios dispuestos en www.experienciasvisuales.com</li>
<li>Remitir boletines (newsletters), así como comunicaciones comerciales de promociones y/o publicidad de<br />Experiencias Visuales. y del sector.</li>
</ol>
<p>Te recordamos que puedes oponerte al envío de comunicaciones comerciales por cualquier vía y en cualquier momento, remitiendo un correo electrónico a la dirección indicada anteriormente.</p>
<p>&nbsp;</p>
<p>Los campos de dichos registros son de cumplimentación obligatoria, siendo imposible realizar las finalidades expresadas si no se aportan esos datos.</p>
<p>&nbsp;</p>
<p>¿Por cuánto tiempo se conservan los datos personales recabados?</p>
<p>Los datos personales proporcionados se conservarán mientras se mantenga la relación comercial o no solicites su supresión y durante el plazo por el cuál pudieran derivarse responsabilidades legales por los servicios prestados.</p>
<p>&nbsp;</p>
<p>Legitimación:</p>
<p>El tratamiento de tus datos se realiza con las siguientes bases jurídicas que legitiman el mismo:</p>
<ol>
<li>La solicitud de información y/o la contratación de los servicios de Experiencias Visuales., cuyos términos y condiciones se pondrán a tu disposición en todo caso, de forma previa a una eventual contratación.</li>
<li>El consentimiento libre, específico, informado e inequívoco, en tanto que te informamos poniendo a tu disposición la presente política de privacidad, que tras la lectura de la misma, en caso de estar conforme, puedes aceptar mediante una declaración o una clara acción afirmativa, como el marcado de una casilla dispuesta al efecto.</li>
</ol>
<p>En caso de que no nos facilites tus datos o lo hagas de forma errónea o incompleta, no podremos atender tu solicitud, resultando del todo imposible proporcionarte la información solicitada o llevar a cabo la contratación de los servicios.</p>
<p>&nbsp;</p>
<p>Destinatarios:</p>
<p>Los datos no se comunicarán a ningún tercero ajeno a Experiencias Visuales, salvo obligación legal.</p>

<p>Protección de datos &nbsp; EL TALLER DE EXPERIENCIAS VISUALES (en adelante Experiencias Visuales), en aplicación de la normativa vigente en materia de protección de datos de carácter personal, informa que los datos personales que se recogen a través de los formularios del Sitio web: www.experienciasvisuales.com,&#8230;</p>
